l = -10 + 8. Calculate the remainder when ((-11)/l)/(1/2) is divided by a.
3
Let y(u) = -106*u**3. Let q be y(1). Let t = q + 72. Let r = t + 95. Calculate the remainder when r is divided by 16.
13
Suppose -2 = -0*n - n. Calculate the remainder when (6 - -27) + -1*n is divided by 16.
15
Suppose -8 = -3*v - v. Calculate the remainder when 32 is divided by -1 - (-13 - (-2)/v).
10
Let z = -10 + 38. Let u = z + -15. Let p(s) = 6*s**2 + s - 1. Calculate the remainder when p(2) is divided by u.
12
Suppose -12 = -3*g - 4*d + 27, -6 = -g + d. Let t = -1 + 18. What is the remainder when t is divided by g?
8
Suppose 20 = -5*m, -2*m = 4*t - 5*m - 292. Calculate the remainder when (t/(-21))/(4/(-42)) is divided by 19.
16
Suppose y - 5*q = -15, -4*q + 59 = 5*y - 11. Suppose 5*t - y = 10. Calculate the remainder when 11 is divided by t.
3
Suppose -15*v + 936 = -279. What is the remainder when v is divided by 28?
25
Let i(g) = 10*g**2 - 3. Let u be i(3). Suppose -2*x = 3*y - 3*x - u, -2*y + 58 = 5*x. Calculate the remainder when y is divided by 10.
9
Suppose -u = 2*l - 3*l - 10, -2*u - 3*l + 15 = 0. Suppose 4*j - 26 + 6 = 0. Calculate the remainder when u is divided by j.
4
Suppose 0 = -q + 2*m + 19, 0 = -q - 3*m + 7 + 7. Calculate the remainder when 49 is divided by q.
15
Suppose 4*p - 252 + 33 = -5*t, 4*t - 173 = -p. What is the remainder when t is divided by 15?
13
Calculate the remainder when 9 is divided by (-1)/(3 + (-20)/6).
0
Let h(x) = x**2 + 3*x - 5. What is the remainder when h(-10) is divided by 17?
14
Suppose h = -3*h - 3*p + 76, -5*h = 5*p - 90. What is the remainder when -3 + (3/(-1) - 350/(-5)) is divided by h?
20
Suppose -4*i + i + 4 = -o, -2*o + 12 = -i. What is the remainder when 29 is divided by o?
5
What is the remainder when 6/(-33) - (-277)/11 is divided by 9?
7
Let k = 19 + -19. Suppose 5*n = -k*n + 100. What is the remainder when 37 is divided by n?
17
Let x be 788/(-20) - (-2)/5. What is the remainder when 24 is divided by (x/(-6))/((-2)/(-4))?
11
Let q be 1/(-1 - 12/(-15)). Let z(k) = k + 5. Let a be z(q). Suppose a = 3*m + 42 - 102. What is the remainder when 38 is divided by m?
18
Suppose 2*v + 2*q = 6, 0 = -v + 4*v - 2*q - 9. Let d(r) = 3 - 2 + 10*r**3 + r**v. What is the remainder when 35 is divided by d(1)?
11
Suppose 4*q + g - 212 = -57, -5*q = 3*g - 185. Let d be (2 - 5)/(3/(-2)). Suppose -d*x + q = 2*x. What is the remainder when 29 is divided by x?
9
Let z be (-3)/6*-2 - -265. What is the remainder when (-1)/4 - z/(-8) is divided by 9?
6
Suppose 12*q - 13*q + 2 = 0. Calculate the remainder when 2*((-15)/(-2))/3 is divided by q.
1
Suppose 5*j - k = 3*k + 92, 0 = 4*k + 12. What is the remainder when 63 is divided by j?
15
Let q(n) = -n**3 + 5*n**2 + 3*n + 18. Calculate the remainder when 60 is divided by q(5).
27
Let z be (2/(-4))/(2/508). Let t = -78 - z. What is the remainder when t is divided by 25?
24
Let j = 14 + -9. Suppose 27 = j*b - 13. What is the remainder when 30 is divided by b?
6
Suppose 2*f - 68 = -5*c, 12 = -c + 3*c - 3*f. What is the remainder when 11/(-55) - 111/(-5) is divided by c?
10
Let s be 6/(1/(1/(-2))). What is the remainder when (-14)/((-7)/s - 3) is divided by 11?
10
Let q = -48 + 60. Calculate the remainder when 45 is divided by q.
9
Suppose 8 = 2*m, 0*x = 3*x - 3*m - 21. What is the remainder when 19 is divided by x?
8
Let l(a) = 2*a. Let k be l(1). Calculate the remainder when (-330)/9*(-3)/k is divided by 14.
13
Let t = -58 - -105. What is the remainder when t is divided by 11?
3
Calculate the remainder when 9/3 - 3*-7 is divided by 15.
9
Let x be (-1)/2 - (-35)/(-14). What is the remainder when 35 is divided by (-3)/(4/x + 1)?
8
Let v(z) = z**2 + 8*z - 9. Let b be v(-9). Let a = 12 - b. Calculate the remainder when 47 is divided by a.
11
Let b(d) = d - 4. Let z be b(4). Suppose -32 = -2*v - z. Suppose 0 = -3*x - 0*x + 93. What is the remainder when x is divided by v?
15
Suppose 30 = 5*o + 2*h, -5*o + o = -h - 37. Suppose 3*y = o*y - 120. What is the remainder when y is divided by 13?
11
Let d(m) = 3*m**3 - 2*m**2 - m + 1. Let z(b) = -b**2 + 7 + 0*b**2 + 3*b**2 - 15*b - 3*b**2. Calculate the remainder when z(-12) is divided by d(2).
13
Suppose 0 = -5*v + k - 0*k - 27, -2*v + 3*k - 3 = 0. Let s(n) = -5*n + 7. Let d be s(v). Suppose -d + 7 = -5*i. Calculate the remainder when i is divided by 4.
2
Let f be 2 + 165 + (-2 - -1). Suppose -3*p + f = 5*g, -4*p + 4*g + 264 = -0*p. What is the remainder when p is divided by 13?
10
Suppose q = -q + 56. Let m be 32/4 + 1*2. What is the remainder when q is divided by m/4*(0 - -6)?
13
Suppose 3*m + z - 38 = 0, m + 3*z = -m + 37. Let d = -6 + 27. What is the remainder when d is divided by m?
10
Let x(t) = -2*t - 9. Let j be x(-10). Let v(a) = a**3 - 11*a**2 + a - 8. Calculate the remainder when 14 is divided by v(j).
2
Let r be 40/18 + (-4)/18. Let u(h) = -h + 9 + 0*h + h**r - 3*h. Calculate the remainder when u(6) is divided by 8.
5
Suppose -4*t + 261 = -3*r, t - 54 = -0*t + 3*r. What is the remainder when t is divided by 18?
15
Let c = 153 - 134. What is the remainder when 87 is divided by c?
11
Let b = -88 + 93. What is the remainder when ((-13)/1)/(-2 + 1) is divided by b?
3
Suppose 42 = 5*o - 3*z, o + 0*o - 3*z - 18 = 0. Suppose -k + o*k - 175 = 0. Let f = 35 + -23. What is the remainder when k is divided by f?
11
Calculate the remainder when (-14)/(-4)*(-4 - -30) is divided by 23.
22
Let z = -13 + 18. What is the remainder when 14 is divided by z?
4
Suppose -1 - 28 = -a. What is the remainder when a is divided by 4?
1
Let o(u) = -u**2 - 11*u + 4. What is the remainder when o(-5) is divided by ((-4)/6)/((-3)/81)?
16
Let s = -93 - -112. Suppose 0 = 5*q - 2*q - 165. Calculate the remainder when q is divided by s.
17
Suppose 3*s - 27 = -6*s. Calculate the remainder when 9 is divided by s.
0
Suppose 9*t - 20 = 4*t. Suppose -4*x = 3*d - 67, -t*x + 3 = -1. What is the remainder when d is divided by 12?
9
Let y(u) = -u - 12. Let l(o) = -2*o - 13. Let g(r) = -3*l(r) + 4*y(r). Let m be g(6). Suppose m*f - 36 = 6. What is the remainder when 41 is divided by f?
13
Let j = 68 - 47. What is the remainder when j is divided by 2/8 - 43/(-4)?
10
Let b(g) = g**2 + g + 22. What is the remainder when b(-8) is divided by 27?
24
Let y(x) = 3*x + 5. Suppose a + 14 = 3*a. Let o(t) = -6*t - 11. Let v(g) = a*y(g) + 3*o(g). What is the remainder when 14 is divided by v(2)?
6
Suppose 139 = -6*w + 535. What is the remainder when w is divided by 34?
32
Calculate the remainder when 26 is divided by (-15)/(4/12*-3).
11
Let m be 211/(-3) + 2/(-3). Let s = -325 + 223. Let g = m - s. What is the remainder when g is divided by 16?
15
Suppose d = 1, -2*w + 72 = w + 3*d. What is the remainder when 43 is divided by w?
20
Suppose -3*j + 3*n + n + 69 = 0, -n = -3*j + 69. Let z = -8 + 20. What is the remainder when j is divided by z?
11
Let t = 38 - 9. What is the remainder when t is divided by 16?
13
Suppose -4*y = 2 + 14. Let a(h) = -h**2 - 3*h + 5. Let n be a(y). Calculate the remainder when 11 is divided by n/(18/8 - 2).
3
Suppose -2*l = 4*l - 60. Calculate the remainder when 29 is divided by l.
9
Let c = -26 + 13. Let q = c - -18. Let i = 47 - 33. What is the remainder when i is divided by q?
4
Suppose 5*j - 8 = -43. Let g be ((-8)/2 + -1)*j. Let q = g - 8. Calculate the remainder when q is divided by 7.
6
Calculate the remainder when 71 is divided by (-1)/3 - 1760/(-96).
17
Suppose -2*i + 50 = 14. What is the remainder when 50 is divided by i?
14
Let k(q) = q**3 - 6*q**2 + 2*q - 9. Let g be k(6). Suppose -5*y - 29 = -3*l, l + y + g*y = 4. Calculate the remainder when 1 is divided by 1/2 - (-4)/l.
0
Suppose -5*c - 965 = 5*b, 0 = c - 4*b + 209 - 36. Let i = -111 - c. What is the remainder when i is divided by 20?
18
Let y = 1 + 8. Suppose 4*z - 1 = -3*b, z + 36 = 5*z - 4*b. Suppose z*t = 24 + 80. What is the remainder when t is divided by y?
8
Suppose 0 = s + 3*s. Suppose s*h + 4*h - 116 = 0. Calculate the remainder when h is divided by 16.
13
Suppose -151 = -2*n + 107. Let x(s) = 9*s**2 - 3*s + 3. Calculate the remainder when n is divided by x(2).
30
Let j be (-4)/(-14) + 308/(-49). Let u be ((-6)/(-2))/(j/(-4)). Calculate the remainder when (u - (-2 + -10))/2 is divided by 3.
1
Let s